{"id":106,"date":"2021-04-27T11:58:03","date_gmt":"2021-04-27T09:58:03","guid":{"rendered":"https:\/\/fraenkische-service-bassins-connectes.fr\/?page_id=106"},"modified":"2021-04-27T12:02:06","modified_gmt":"2021-04-27T10:02:06","slug":"frankische-service-mentions-legales","status":"publish","type":"page","link":"https:\/\/fraenkische-service-bassins-connectes.fr\/index.php\/frankische-service-mentions-legales\/","title":{"rendered":"FRANKISCHE Service &#8211; Mentions l\u00e9gales"},"content":{"rendered":"<p>[et_pb_section fb_built=&#8221;1&#8243; admin_label=&#8221;Fun Fact Section&#8221; _builder_version=&#8221;4.9.4&#8243; min_height=&#8221;1092.7px&#8221; custom_margin=&#8221;|||&#8221; custom_padding=&#8221;11px||6px|||&#8221; hover_enabled=&#8221;0&#8243; background_enable_color=&#8221;off&#8221; sticky_enabled=&#8221;0&#8243;][et_pb_row admin_label=&#8221;Service Section Title&#8221; _builder_version=&#8221;4.9.4&#8243; width=&#8221;90%&#8221; custom_margin=&#8221;||40px|&#8221; animation_style=&#8221;fade&#8221; animation_direction=&#8221;top&#8221; saved_tabs=&#8221;all&#8221;][et_pb_column type=&#8221;4_4&#8243; _builder_version=&#8221;3.25&#8243; custom_padding=&#8221;|||&#8221; custom_padding__hover=&#8221;|||&#8221;][et_pb_text admin_label=&#8221;Title&#8221; _builder_version=&#8221;4.9.4&#8243; text_font=&#8221;Montserrat||||||||&#8221; text_text_color=&#8221;#747d88&#8243; text_font_size=&#8221;16px&#8221; text_line_height=&#8221;1.9em&#8221; header_font=&#8221;||||||||&#8221; header_2_font=&#8221;Montserrat|700||on|||||&#8221; header_2_font_size=&#8221;45px&#8221; header_2_line_height=&#8221;1.3em&#8221; text_orientation=&#8221;center&#8221; max_width=&#8221;700px&#8221; module_alignment=&#8221;center&#8221; animation_style=&#8221;slide&#8221; animation_direction=&#8221;bottom&#8221; animation_intensity_slide=&#8221;4%&#8221; header_2_line_height_tablet=&#8221;&#8221; header_2_line_height_phone=&#8221;1em&#8221; header_2_line_height_last_edited=&#8221;on|phone&#8221;]<\/p>\n<h2><span style=\"color: #000000;\">mentions l\u00e9gales<\/span><\/h2>\n<p>[\/et_pb_text][et_pb_text admin_label=&#8221;Subtitle&#8221; _builder_version=&#8221;4.9.4&#8243; text_font=&#8221;Montserrat||||&#8221; text_text_color=&#8221;#000000&#8243; text_font_size=&#8221;16px&#8221; text_line_height=&#8221;1.8em&#8221; header_font=&#8221;||||||||&#8221; text_orientation=&#8221;center&#8221; max_width=&#8221;1000px&#8221; module_alignment=&#8221;center&#8221; custom_margin=&#8221;|||&#8221; animation_style=&#8221;slide&#8221; animation_direction=&#8221;bottom&#8221; animation_delay=&#8221;100ms&#8221; animation_intensity_slide=&#8221;4%&#8221; hover_enabled=&#8221;0&#8243; sticky_enabled=&#8221;0&#8243;]<\/p>\n<h1 class=\"entry-title main_title\" style=\"text-align: justify;\"><span style=\"font-size: 16px;\">Conform\u00e9ment aux dispositions des Articles 6-III et 19 de la Loi n\u00b02004-575 du 21 juin 2004 pour la Confiance dans l\u2019\u00e9conomie<\/span><\/h1>\n<div class=\"entry-content\" style=\"text-align: justify;\">\n<p>num\u00e9rique, dite L.C.E.N., il est port\u00e9 \u00e0 la connaissance des Utilisateurs du site www.fraenkische-service-bassins-connectes.fr les pr\u00e9sentes mentions l\u00e9gales.<br \/>La connexion et la navigation sur le site (indiquer le nom du site) par l\u2019Utilisateur implique acceptation int\u00e9grale et sans r\u00e9serve des pr\u00e9sentes mentions l\u00e9gales.<br \/>Ces derni\u00e8res sont accessibles sur le site \u00e0 la rubrique \u00ab Mentions l\u00e9gales \u00bb.<\/p>\n<h2>ARTICLE 1 : L\u2019\u00c9DITEUR<\/h2>\n<p>L\u2019\u00e9dition du site www.fraenkische-service-bassins-connectes.fr est assur\u00e9e par la Soci\u00e9t\u00e9 SAS FRAENKISCHE France au capital de 232500 euros, immatricul\u00e9e au RCS de Troyes sous le num\u00e9ro 519703870 dont le si\u00e8ge social est situ\u00e9 au Route de Brienne Les Grands Champs 10700 Torcy le Grand, num\u00e9ro de t\u00e9l\u00e9phone 03 25 47 78 10, adresse e-mail : contact@fraenkische-fr.com.<br \/>N\u00b0 de TVA intracommunautaire : FR67519703870<br \/>Le Directeur de la publication est Yann NEDELLEC<\/p>\n<h2>ARTICLE 2 : L\u2019H\u00c9BERGEUR<\/h2>\n<p>L\u2019h\u00e9bergeur du site www.fraenkische-service-bassins-connectes.fr est la Soci\u00e9t\u00e9 OVH, dont le si\u00e8ge social est situ\u00e9 au 2 rue<br \/>Kellermann 59100 ROUBAIX , avec le num\u00e9ro de t\u00e9l\u00e9phone : 09 72 10 10 07.<\/p>\n<h2>ARTICLE 3 : ACC\u00c8S AU SITE<\/h2>\n<p>Le site est accessible par tout endroit, 7j\/7, 24h\/24 sauf cas de force majeure, interruption programm\u00e9e ou non et pouvant d\u00e9coulant d\u2019une n\u00e9cessit\u00e9 de maintenance.<br \/>En cas de modification, interruption ou suspension des services le site www.fraenkische-service-bassins-connectes.fr ne saurait \u00eatre tenu responsable.<\/p>\n<h2>ARTICLE 4 : COLLECTE DES DONN\u00c9ES<\/h2>\n<p>Le site assure \u00e0 l\u2019Utilisateur une collecte et un traitement d\u2019informations personnelles dans le respect de la vie priv\u00e9e conform\u00e9ment \u00e0 la loi n\u00b078-17 du 6 janvier 1978 relative \u00e0 l\u2019informatique, aux fichiers et aux libert\u00e9s. Le site est d\u00e9clar\u00e9 \u00e0 la CNIL sous le num\u00e9ro 999.<br \/>En vertu de la loi Informatique et Libert\u00e9s, en date du 6 janvier 1978, l\u2019Utilisateur dispose d\u2019un droit d\u2019acc\u00e8s, de rectification, de suppression et d\u2019opposition de ses donn\u00e9es personnelles. L\u2019Utilisateur exerce ce droit :<\/p>\n<ul>\n<li>via un formulaire de contact ;<\/li>\n<\/ul>\n<h2>ARTICLE 5 : CREDITS PHOTOS<\/h2>\n<p>Les photos pr\u00e9sentes sur le site internet www.fraenkische-service-bassins-connectes.fr sont la propri\u00e9t\u00e9 de FRAENKISCHE France.<br \/>Certaines photos d\u2019illustration sont des photos dont les droits d\u2019utilisation ont \u00e9t\u00e9 achet\u00e9s \u00e0 AdobeStock\u00ae, et \/ ou autoris\u00e9s par leur auteur.<\/p>\n<h2>ARTICLE 6 : COOKIES<\/h2>\n<p>L\u2019Utilisateur est inform\u00e9 que lors de ses visites sur le site, un cookie peut s\u2019installer automatiquement sur son logiciel de navigation.<br \/>En naviguant sur le site, il les accepte.<br \/>Un cookie est un \u00e9l\u00e9ment qui ne permet pas d\u2019identifier l\u2019Utilisateur mais sert \u00e0 enregistrer des informations relatives \u00e0 la navigation de celui-ci sur le site Internet. L\u2019Utilisateur pourra d\u00e9sactiver ce cookie par l\u2019interm\u00e9diaire des param\u00e8tres figurant au sein de son logiciel de navigation.<\/p>\n<h2>ARTICLE 7 : PROPRI\u00c9T\u00c9 INTELLECTUELLE<\/h2>\n<p>Toute utilisation, reproduction, diffusion, commercialisation, modification de toute ou partie du site www.fraenkische-service-bassins-connectes.fr, sans autorisation de l\u2019Editeur est prohib\u00e9e et pourra entra\u00een\u00e9e des actions et poursuites judiciaires telles que notamment pr\u00e9vues par le Code de la propri\u00e9t\u00e9 intellectuelle et le Code civil.<\/p>\n<\/div>\n<p>[\/et_pb_text][\/et_pb_column][\/et_pb_row][\/et_pb_section]<\/p>\n","protected":false},"excerpt":{"rendered":"<p>mentions l\u00e9galesConform\u00e9ment aux dispositions des Articles 6-III et 19 de la Loi n\u00b02004-575 du 21 juin 2004 pour la Confiance dans l\u2019\u00e9conomie num\u00e9rique, dite L.C.E.N., il est port\u00e9 \u00e0 la connaissance des Utilisateurs du site www.fraenkische-service-bassins-connectes.fr les pr\u00e9sentes mentions l\u00e9gales.La connexion et la navigation sur le site (indiquer le nom du site) par l\u2019Utilisateur implique [&hellip;]<\/p>\n","protected":false},"author":1,"featured_media":0,"parent":0,"menu_order":0,"comment_status":"closed","ping_status":"closed","template":"","meta":{"_et_pb_use_builder":"on","_et_pb_old_content":"","_et_gb_content_width":"","footnotes":""},"class_list":["post-106","page","type-page","status-publish","hentry"],"_links":{"self":[{"href":"https:\/\/fraenkische-service-bassins-connectes.fr\/index.php\/wp-json\/wp\/v2\/pages\/106","targetHints":{"allow":["GET"]}}],"collection":[{"href":"https:\/\/fraenkische-service-bassins-connectes.fr\/index.php\/wp-json\/wp\/v2\/pages"}],"about":[{"href":"https:\/\/fraenkische-service-bassins-connectes.fr\/index.php\/wp-json\/wp\/v2\/types\/page"}],"author":[{"embeddable":true,"href":"https:\/\/fraenkische-service-bassins-connectes.fr\/index.php\/wp-json\/wp\/v2\/users\/1"}],"replies":[{"embeddable":true,"href":"https:\/\/fraenkische-service-bassins-connectes.fr\/index.php\/wp-json\/wp\/v2\/comments?post=106"}],"version-history":[{"count":2,"href":"https:\/\/fraenkische-service-bassins-connectes.fr\/index.php\/wp-json\/wp\/v2\/pages\/106\/revisions"}],"predecessor-version":[{"id":109,"href":"https:\/\/fraenkische-service-bassins-connectes.fr\/index.php\/wp-json\/wp\/v2\/pages\/106\/revisions\/109"}],"wp:attachment":[{"href":"https:\/\/fraenkische-service-bassins-connectes.fr\/index.php\/wp-json\/wp\/v2\/media?parent=106"}],"curies":[{"name":"wp","href":"https:\/\/api.w.org\/{rel}","templated":true}]}}